What is the units digit of q?
8
Let p be (0 - -1 - 2) + 1. Suppose 3*q + 2*q - 115 = p. What is the units digit of q?
3
Suppose -2*q - 3*q + 30 = 0. What is the units digit of q?
6
Let r = -12 + 20. What is the units digit of r?
8
Let n(y) be the first derivative of -37*y**4/4 + y**3/3 + y**2/2 + y - 3. What is the units digit of n(-1)?
8
Let a(q) = 0*q**2 + 0*q**2 - 4*q**2 + q**3 + 7*q - 6. What is the tens digit of a(4)?
2
Suppose z + 3*z + 2*t - 140 = 0, 2*t - 173 = -5*z. What is the tens digit of z?
3
Suppose 0 = -l + 3*k + 11, 4*l + 0*l - 3*k = -1. Let g = 7 - l. What is the units digit of g?
1
Let f = -112 - -229. What is the tens digit of f?
1
Let b(p) = 3*p + 25. Let i(f) = -f - 6. Let w(c) = 2*b(c) + 9*i(c). What is the units digit of w(-6)?
4
Let y(m) = -4*m**2 + 1 - m + 3*m**2 + m**2 - m**3 - m**2. What is the units digit of y(-2)?
7
Suppose -w - 2*w - 66 = 0. Let o = 32 + w. What is the tens digit of o?
1
Let r = 12 + 25. What is the units digit of r?
7
Let n(k) = -k**2 - 11*k + 4. What is the tens digit of n(-6)?
3
Let m(u) be the second derivative of 3*u**5/20 - u**4/6 - u**3/3 - u**2/2 - 2*u. Let o be m(-1). What is the units digit of 1 - o - (-4)/2?
7
Let v(k) be the second derivative of k**7/420 + k**4/6 - 4*k. Let r(p) be the third derivative of v(p). What is the units digit of r(1)?
6
Suppose 0 = 4*l - 2*y - 3*y + 48, 3*l = 5*y - 41. Let c be 4/14 + (-12)/l. Suppose -c*v - 2 = -10. What is the units digit of v?
4
Let p(c) = 47*c**2 + 6*c - 3. Let z(d) = -31*d**2 - 4*d + 2. Let b(h) = 5*p(h) + 7*z(h). What is the tens digit of b(1)?
1
Let x(c) = c**3 - 8*c**2 - 8*c - 2. Let r(z) = -z**2 - 7*z - 4. Let m be r(-6). Suppose m*f - 16 = -2*y, -2*y - 2*y + f = -37. What is the units digit of x(y)?
7
Let s be ((-2)/(-3))/((-3)/(-18)). Suppose -s*p = 4 - 24. What is the units digit of p?
5
Suppose 4*s + 0*s = 5*d + 11, 5*s - 3*d - 17 = 0. What is the tens digit of 31 - (-4 + 12/s)?
3
Let m be (-4 - 1*-2)/(-2). Let i = -2 - -3. Let n = i + m. What is the units digit of n?
2
Let v(h) = 19*h. Let c be v(2). Suppose -c = -3*s + 2*z, z + 8 = -z. What is the tens digit of s?
1
Suppose -4*m - 2*i = -6*m + 52, -3*m + i + 80 = 0. What is the units digit of m?
7
Suppose -8*y - 445 = -1605. What is the tens digit of y?
4
Suppose -2*r = 4*g - 23 + 3, -g + r = -5. Let c be g/(2/(-4)*1). What is the tens digit of c/(1 - 2/1)?
1
Let l(a) = -3*a + 0 + 4 - a**2 - 4*a. Let i be l(-6). Let g = i + -5. What is the units digit of g?
5
Suppose 4*k + 513 = -5*n + 1757, 0 = -4*n - k + 1004. What is the hundreds digit of n?
2
Let j = -8 + 23. What is the tens digit of j?
1
Suppose 5 + 44 = -4*c + 3*t, c + 3*t + 16 = 0. Let w = 8 - 13. Let s = w - c. What is the units digit of s?
8
Let g be (12/(-3))/(0 + -2). Let b be g/(2 - 1) - -5. Suppose -4*d + 2*h = b*h + 21, -4*d = 3*h + 11. What is the units digit of d?
1
Let b(v) = -7*v**2 - 2*v + 5. Let j(u) = -13*u**2 - 3*u + 9. Let l(w) = -11*b(w) + 6*j(w). Let t be l(4). What is the units digit of t/(3 - 26/8)?
4
Suppose 2*y = 94 - 18. Suppose -5*j = -2*t + 101, -4*t + 9 - y = j. Let k = 33 + j. What is the units digit of k?
2
Let g(k) = 2 + 1 + 5 - 2*k**2 + k**2. Let s = 1 - 1. What is the units digit of g(s)?
8
Let n(y) = 2*y + 21. What is the tens digit of n(9)?
3
Let l be 6*(2/6 + -2). What is the tens digit of (-2 - -4 - l) + -2?
1
Suppose 2*x = -v + 47, 7*x - 4*x - 90 = -2*v. What is the tens digit of v?
3
Let j(i) = i**2 - i + 1. Let l be j(1). What is the tens digit of l/(-3) + 427/21?
2
Let z = 3 - -20. Suppose 0 = 4*i + i + 4*y + 91, -4*y = -3*i - 29. Let u = z + i. What is the units digit of u?
8
Let i(s) = s**2 - 2*s - 1. Let z be i(6). Let v(m) = 2*m**2 - 7*m + 4. Let y be v(4). Let a = z - y. What is the units digit of a?
5
Suppose -20 = -3*k + 43. Let u(m) = -m + 4. Let b be u(0). Suppose -k = t - b*t. What is the units digit of t?
7
Let w(q) = q**3 + 4*q**2 + 2*q + 1. Suppose -2*k = 12 - 4. Let f be w(k). Let i = -4 - f. What is the units digit of i?
3
Let p be 1/(-1)*35*-1. Suppose -5 = -2*b + p. What is the units digit of b?
0
Let d = 24 + 49. What is the units digit of d?
3
Let g = 9 - 5. Let q = -15 - -13. What is the units digit of (q/3)/(g/(-18))?
3
Suppose -x + 50 = -4*h, 6*x - 5*h = x + 190. What is the tens digit of (x/4)/(1/2)?
1
Suppose -2*p = 3*r - 25 + 5, 28 = 2*p + 5*r. Let n(w) = 4 - 3 + w**2 + w + p*w - 6*w. What is the units digit of n(3)?
7
Let x(p) = p**2 - 9*p. Let k be x(10). Let b = 17 - k. What is the units digit of b?
7
Let p be -1 - -3 - -68 - 2. What is the tens digit of (p/6)/((-11)/(-33))?
3
Let a(n) = 1 + n**2 - 2*n**2 - n**2 + 4*n**3. Let x be a(1). Suppose -2*l - 5*b + 3*b + 12 = 0, -22 = -x*l - 2*b. What is the tens digit of l?
1
Let a = 5 - 6. Let t be (3/a)/(2/(-4)). Suppose 3*l - l - t = 0. What is the units digit of l?
3
Let u = 37 + -6. What is the tens digit of u?
3
Suppose -4 = -2*f + 2*s - 0, -36 = -3*f - 3*s. Let g be (-66)/(-14) + 2/f. Suppose 3*n - 28 = g. What is the units digit of n?
1
Suppose 0 = -3*h + 3*y + 153, -7*h + y = -9*h + 105. What is the units digit of h?
2
Suppose 0 = -6*j + 7*j - 56. What is the tens digit of j?
5
Let j = 3 - 3. Suppose j*l + 3*l + 4*r + 39 = 0, 5*l + 65 = 4*r. Let n = l + 18. What is the units digit of n?
5
Suppose 3*f - 3*m - 36 = 0, 59 = 5*f + m + 5. Suppose 2*v = -f - 15. What is the tens digit of v/(-3)*(0 - -3)?
1
Let w(k) = k + 5. Suppose 5*i + 0*i - 30 = 4*o, 4*o + i + 18 = 0. Let r be w(o). Let q(n) = -n + 15. What is the units digit of q(r)?
5
Let f(k) = 0 + k + 110*k**3 + 1 - 4*k**2 - 111*k**3. What is the units digit of f(-5)?
1
Let h = 351 - 200. What is the units digit of h?
1
Let i(d) = -d + 3. What is the units digit of i(-4)?
7
Suppose -2*r = 3*x + 14, 3*x = 5*x + 8. What is the units digit of 7 - ((-6)/3 - r)?
8
Suppose -4*w = 5*l - 984, 5*l + 3*w = 8*w + 1020. What is the units digit of l?
0
Suppose 10 = 9*j - 4*j. Suppose -2*p + 50 = 5*s - 56, -4*s - j*p = -84. What is the units digit of s?
2
Let p be -5 + 8/4 - -4. Let q(v) = 14*v**3 - v**2 + v. What is the units digit of q(p)?
4
Suppose -4*g + 34 = 3*x, 1 = x - 1. Let s(b) = 9*b**2 + 19*b + 12. Let k(r) = 5*r**2 + 10*r + 6. Let y(o) = g*k(o) - 4*s(o). What is the units digit of y(-4)?
2
Let d = 70 + -34. What is the units digit of d?
6
What is the units digit of (176 + 2)/(11 - 9)?
9
Let u = -56 - -102. Suppose 3*c = c + u. What is the tens digit of c?
2
Let p = 1 + 40. What is the units digit of p?
1
Let q(z) be the third derivative of z**5/60 - z**4/6 - 4*z**3/3 + 5*z**2. What is the units digit of q(7)?
3
Let m = 5 - -13. Let y = m - 12. What is the units digit of y?
6
Let t be 8/6*(4 - 10). Let y = -9 - t. What is the units digit of 2/(2*y/(-19))?
9
Let r = 86 - 1. What is the units digit of r?
5
Let v(z) = 2*z - 5. Suppose -6*u + 40 = 5*m - 3*u, 15 = 2*m + u. Let a be v(m). Let t = a + 7. What is the tens digit of t?
1
Suppose -8 = -2*a - 2*a. What is the units digit of ((-6)/(-9))/(a/84)?
8
Suppose -4*v - 16 = -3*v. Let j = v + 6. Let i = 18 + j. What is the units digit of i?
8
Let b = 133 + -93. Suppose -5*l = -10*l - b. Let m(o) = o + 9. What is the units digit of m(l)?
1
Suppose 0*z = -2*z. Suppose 3*h = -z*h + 45. What is the tens digit of h?
1
What is the tens digit of 33 - (-1 + 2 + 0)?
3
Let u(w) = w**3 + 7*w**2 + 3*w - 2. What is the units digit of u(-3)?
5
Let b(o) = -o**2 - 7*o - 2. Let c be b(-6). Suppose -82 = 2*x - p, 128 = -4*x + c*p - 44. What is the units digit of 2/(-6) - x/9?
4
Let w(f) = -f**2 - 4*f - 1. Let l be w(-3). Suppose -m - g - 149 = l*m, 5*g = -25. What is the units digit of (9/6)/((-9)/m)?
8
Let l = -52 - -176. What is the hundreds digit of l?
1
Let q be (-1 + (-39)/(-9))*3. Let k = -15 + q. Let j(u) = -u - 1. What is the units digit of j(k)?
4
Let v(z) = 5*z**2 - 2*z - 3. What is the units digit of v(4)?
9
Suppose -i + 67 = o - 33, 109 = i - 2*o. What is the units digit of i?
3
Suppose 4*q - 25 = 51. Suppose 23 = 4*d + v, -3*d - 4*v + 8 = -q. What is the units digit of d?
5
Let f(b) = 5*b**3 - 1. Let s be f(1). Suppose v + 11 = 4*a, -2*v + 0 = -s*a + 6. Suppose -2*k - 5*t + 0 + v = 0, 5*k - 4*t = 62. What is the tens digit of k?
1
Let v = -23 + 18. Let w(d) = d**2 - 2*d - 2. What is the tens digit of w(v)?
3
W